{"id":1180,"date":"2020-02-13T11:41:02","date_gmt":"2020-02-13T11:41:02","guid":{"rendered":"https:\/\/www.mz-wittlich.de\/?page_id=1180"},"modified":"2022-01-25T09:34:28","modified_gmt":"2022-01-25T09:34:28","slug":"coding","status":"publish","type":"page","link":"https:\/\/www.mz-wittlich.de\/?page_id=1180","title":{"rendered":"Coding"},"content":{"rendered":"\n<figure class=\"wp-block-image size-large\"><img loading=\"lazy\" decoding=\"async\" width=\"1366\" height=\"643\" src=\"https:\/\/www.mz-wittlich.de\/wp-content\/uploads\/2020\/02\/Coding-1-Medium.jpg\" alt=\"\" class=\"wp-image-1181\" srcset=\"https:\/\/www.mz-wittlich.de\/wp-content\/uploads\/2020\/02\/Coding-1-Medium.jpg 1366w, https:\/\/www.mz-wittlich.de\/wp-content\/uploads\/2020\/02\/Coding-1-Medium-300x141.jpg 300w, https:\/\/www.mz-wittlich.de\/wp-content\/uploads\/2020\/02\/Coding-1-Medium-768x362.jpg 768w, https:\/\/www.mz-wittlich.de\/wp-content\/uploads\/2020\/02\/Coding-1-Medium-150x71.jpg 150w\" sizes=\"auto, (max-width: 1366px) 100vw, 1366px\" \/><\/figure>\n\n\n\n<p>Coding steht als Oberbegriff f\u00fcr die aktuelle Thematik &#8220;Programmieren in der Schule&#8221;.<br>Immer \u00f6fter wird gefordert, dass Kinder schon in der Grundschule ebenso wie Lesen, Schreiben und Rechnen eine Programmiersprache lernen sollten.  Es wir nicht nur viel publiziert zum Thema \u201eProgrammieren als Schulfach\u201c, oder  \u201eCoding f\u00fcr alle\u201c , die Industrie und Wirtschaft so wie Stiftungen unterst\u00fctzen Bildungseinrichtungen mit zahlreichen Unterrichts- und Experimentier-Materialien.<\/p>\n\n\n\n<p>Auch das Medienzentrum Wittlich m\u00f6chte Schulen auf dem Weg ich diese Technologien unterst\u00fctzen und begleiten.<br>In dieser Rubrik finden Sie aktuelle Hardware und Unterrichtsmaterialien, die \u00fcber das Medienzentrum ausgeliehen werden k\u00f6nnen.<\/p>\n\n\n\n<p>Ebenso finden Sie Hinweise zu aktuellen Fortbildungen und interessante Links zum Thema Coding.<\/p>\n\n\n\n<hr class=\"wp-block-separator is-style-wide\"\/>\n\n\n\n<h2 class=\"wp-block-heading\">Aktuelle Veranstaltungen<\/h2>\n\n\n\n<hr class=\"wp-block-separator is-style-wide\"\/>\n\n\n\n<hr class=\"wp-block-separator\"\/>\n","protected":false},"excerpt":{"rendered":"<p>Coding steht als Oberbegriff f\u00fcr die aktuelle Thematik &#8220;Programmieren in der Schule&#8221;.Immer \u00f6fter wird gefordert, dass Kinder schon in der Grundschule ebenso wie Lesen, Schreiben und Rechnen eine Programmiersprache lernen sollten. Es wir nicht nur viel publiziert zum Thema \u201eProgrammieren als Schulfach\u201c, oder \u201eCoding f\u00fcr alle\u201c , die Industrie und\u2026<\/p>\n<p> <a class=\"continue-reading-link\" href=\"https:\/\/www.mz-wittlich.de\/?page_id=1180\"><span>Weiterlesen..<\/span><i class=\"crycon-right-dir\"><\/i><\/a> <\/p>\n","protected":false},"author":1,"featured_media":0,"parent":0,"menu_order":0,"comment_status":"closed","ping_status":"closed","template":"","meta":{"footnotes":""},"class_list":["post-1180","page","type-page","status-publish","hentry"],"_links":{"self":[{"href":"https:\/\/www.mz-wittlich.de\/index.php?rest_route=\/wp\/v2\/pages\/1180","targetHints":{"allow":["GET"]}}],"collection":[{"href":"https:\/\/www.mz-wittlich.de\/index.php?rest_route=\/wp\/v2\/pages"}],"about":[{"href":"https:\/\/www.mz-wittlich.de\/index.php?rest_route=\/wp\/v2\/types\/page"}],"author":[{"embeddable":true,"href":"https:\/\/www.mz-wittlich.de\/index.php?rest_route=\/wp\/v2\/users\/1"}],"replies":[{"embeddable":true,"href":"https:\/\/www.mz-wittlich.de\/index.php?rest_route=%2Fwp%2Fv2%2Fcomments&post=1180"}],"version-history":[{"count":5,"href":"https:\/\/www.mz-wittlich.de\/index.php?rest_route=\/wp\/v2\/pages\/1180\/revisions"}],"predecessor-version":[{"id":1615,"href":"https:\/\/www.mz-wittlich.de\/index.php?rest_route=\/wp\/v2\/pages\/1180\/revisions\/1615"}],"wp:attachment":[{"href":"https:\/\/www.mz-wittlich.de\/index.php?rest_route=%2Fwp%2Fv2%2Fmedia&parent=1180"}],"curies":[{"name":"wp","href":"https:\/\/api.w.org\/{rel}","templated":true}]}}