{"id":1517,"date":"2021-11-02T08:06:38","date_gmt":"2021-11-02T08:06:38","guid":{"rendered":"https:\/\/www.mz-wittlich.de\/?page_id=1517"},"modified":"2024-10-30T11:49:43","modified_gmt":"2024-10-30T10:49:43","slug":"fortbildungsangebot-workshops-3","status":"publish","type":"page","link":"https:\/\/www.mz-wittlich.de\/?page_id=1517","title":{"rendered":"Fortbildungsangebot &#038; Workshops"},"content":{"rendered":"<div id=\"metaslider-id-478\" style=\"width: 100%; margin: 0 auto;\" class=\"ml-slider-3-105-0 metaslider metaslider-flex metaslider-478 ml-slider has-dots-nav ms-theme-default\" role=\"region\" aria-label=\"Neuer Slider\" data-height=\"400\" data-width=\"1200\">\n    <div id=\"metaslider_container_478\">\n        <div id=\"metaslider_478\">\n            <ul class='slides'>\n                <li style=\"display: block; width: 100%;\" class=\"slide-674 ms-image \" aria-roledescription=\"slide\" data-date=\"2016-10-04 12:47:32\" data-filename=\"Bild-11-MediBox-Small-723x240.jpg\" data-slide-type=\"image\"><img loading=\"lazy\" decoding=\"async\" src=\"https:\/\/www.mz-wittlich.de\/wp-content\/uploads\/2016\/10\/Bild-11-MediBox-Small-723x240.jpg\" height=\"400\" width=\"1200\" alt=\"\" class=\"slider-478 slide-674 msDefaultImage\" \/><\/li>\n                <li style=\"display: none; width: 100%;\" class=\"slide-717 ms-image \" aria-roledescription=\"slide\" data-date=\"2016-10-04 15:08:30\" data-filename=\"Smart-Notebook16-01-Small-706x235.jpg\" data-slide-type=\"image\"><img loading=\"lazy\" decoding=\"async\" src=\"https:\/\/www.mz-wittlich.de\/wp-content\/uploads\/2014\/10\/Smart-Notebook16-01-Small-706x235.jpg\" height=\"400\" width=\"1200\" alt=\"\" class=\"slider-478 slide-717 msDefaultImage\" \/><\/li>\n                <li style=\"display: none; width: 100%;\" class=\"slide-625 ms-image \" aria-roledescription=\"slide\" data-date=\"2015-02-04 18:10:32\" data-filename=\"Switch-01-1200x400.jpg\" data-slide-type=\"image\"><img loading=\"lazy\" decoding=\"async\" src=\"https:\/\/www.mz-wittlich.de\/wp-content\/uploads\/2015\/02\/Switch-01-1200x400.jpg\" height=\"400\" width=\"1200\" alt=\"\" class=\"slider-478 slide-625 msDefaultImage\" \/><\/li>\n            <\/ul>\n        <\/div>\n        \n    <\/div>\n<\/div>\n\n\n\n<p>Das Medienzentrum m\u00f6chte Sie durch ein m\u00f6glichst vielf\u00e4ltiges Fortbildungsangebot in Ihrer t\u00e4glichen Arbeit unterst\u00fctzen. Hierzu bieten wir verschiedene Fortbildungen in unseren R\u00e4umlichkeiten an.<br>Sollte der Wunsch bestehen, Fortbildungen aus unserem Angebot an Ihrer Schule vor Ort zu organisieren, so ist dies f\u00fcr Gruppen ab 5 Personen nach Absprache ebenfalls m\u00f6glich.<br>Gerne unterst\u00fctzen wir Sie auch bei der Durchf\u00fchrung von Workshops oder Studientagen oder beraten Sie in Hardware und Ausstattungsfragen.<\/p>\n\n\n\n<p>Mailen Sie uns Ihre W\u00fcnsche oder Anregungen einfach an <a href=\"mailto:mail@Medienzentrum-Wittlich.de\" target=\"_blank\" rel=\"noopener noreferrer\">mail@Medienzentrum-Wittlich.de<\/a>.<\/p>\n\n\n\n<hr class=\"wp-block-separator has-alpha-channel-opacity\"\/>\n\n\n\n<h2 class=\"wp-block-heading\" id=\"unterrichten-mit-dem-smart-display-und-smart-notebook\">Unterrichten mit dem iPad und der Notizen-App GoodNotes<\/h2>\n\n\n\n<h3 class=\"wp-block-heading\">Termin: Mittwoch 20.11.2024 im Medienzentrum Wittlich von 14:00 bis 16:00 Uhr<\/h3>\n\n\n\n<h3 class=\"wp-block-heading\" id=\"medienzentrum-bernkastel-wittlich-schlossstrasse-10-54516-wittlich\">Medienzentrum Bernkastel-Wittlich, Schlossstra\u00dfe 10, 54516 Wittlich<\/h3>\n\n\n\n<h4 class=\"wp-block-heading\" id=\"die-fortbildung-umfasst-die-folgenden-thematischen-inhalte\">Die Fortbildung umfasst die folgenden thematischen Inhalte:<\/h4>\n\n\n\n<ul class=\"wp-block-list\">\n<li>Einrichten der App (Einstellungen, Datensicherung etc. )<\/li>\n\n\n\n<li>Anlegen von Ordnern und Heften.<\/li>\n\n\n\n<li>Einf\u00fcgen von Links und Importieren von Dokumenten z. B. PDF-Arbeitsbl\u00e4ttern.<\/li>\n\n\n\n<li>Hefte am Display oder \u00fcber Beamer pr\u00e4sentieren.<\/li>\n\n\n\n<li>Hefte oder einzelne Seiten an Sch\u00fcler und Sch\u00fclerinnen senden bzw. teilen.<\/li>\n\n\n\n<li>Gemeinsam an einem Heft arbeiten (kolaboratives Arbeiten).<\/li>\n\n\n\n<li>Eigene Seitenvorlagen erstellen und nutzen.<\/li>\n\n\n\n<li>Sticker nutzen und selbst erstellen.<\/li>\n\n\n\n<li>Lernkarten erstellen<\/li>\n<\/ul>\n\n\n\n<p><strong>Da m\u00f6glichst praktisch gearbeitet werden soll ist die Teilnehmerzahl auf 10 Personen begrenzt.<\/strong><\/p>\n\n\n\n<h4 class=\"wp-block-heading\" id=\"anmeldung\"><strong>Anmeldung<\/strong><\/h4>\n\n\n\n<p>Die Anmeldung erfolgt per E-Mail an <a href=\"mailto:mail@medienzentrum-wittlich.de\">mail@medienzentrum-wittlich.de<\/a> unter Angabe der <strong>Veranstaltung, Datum, Name sowie Institution<\/strong> bis sp\u00e4testens zum letzten Freitag vor der gew\u00fcnschten Fortbildung. <\/p>\n\n\n\n<hr class=\"wp-block-separator has-alpha-channel-opacity\"\/>\n\n\n\n<p><\/p>\n\n\n\n<h2 class=\"wp-block-heading\" id=\"unterrichten-mit-dem-smart-display-und-smart-notebook\">Der BookCreator &#8211; Eine App zur Erstellung von e-Books f\u00fcr Grund- und Sekundarschulen<\/h2>\n\n\n\n<h3 class=\"wp-block-heading\">Termin: Mittwoch 27.11.2024 im Medienzentrum Wittlich von 14:00 bis 16:00 Uhr<\/h3>\n\n\n\n<h3 class=\"wp-block-heading\" id=\"medienzentrum-bernkastel-wittlich-schlossstrasse-10-54516-wittlich\">Medienzentrum Bernkastel-Wittlich, Schlossstra\u00dfe 10, 54516 Wittlich<\/h3>\n\n\n\n<h4 class=\"wp-block-heading\" id=\"die-fortbildung-umfasst-die-folgenden-thematischen-inhalte\">Die Fortbildung umfasst die folgenden thematischen Inhalte:<\/h4>\n\n\n\n<ul class=\"wp-block-list\">\n<li>Einrichten der App (Einstellungen, Datensicherung etc. )<\/li>\n\n\n\n<li>Anlegen von B\u00fcchern und Comics.<\/li>\n\n\n\n<li>Einf\u00fcgen von Inhalten.<\/li>\n\n\n\n<li>Einf\u00fcgen von Links und Importieren von Dokumenten z. B. PDF-Arbeitsbl\u00e4ttern.<\/li>\n\n\n\n<li>Mehrere e-Books zusammenf\u00fchren.<\/li>\n\n\n\n<li>BookCreator in Chrome oder Edge Browser verwenden.<\/li>\n\n\n\n<li>Unterrichtliche Einsatzm\u00f6glichkeiten kennen lernen, wie z. B. Tablet-Diktat, Experimente-Buch etc.<\/li>\n\n\n\n<li>e-Books als Sch\u00fclervorlagen erstellen und nutzen.<\/li>\n<\/ul>\n\n\n\n<p><strong>Da m\u00f6glichst praktisch gearbeitet werden soll ist die Teilnehmerzahl auf 10 Personen begrenzt.<\/strong><\/p>\n\n\n\n<h4 class=\"wp-block-heading\" id=\"anmeldung\"><strong>Anmeldung<\/strong><\/h4>\n\n\n\n<p>Die Anmeldung erfolgt per E-Mail an <a href=\"mailto:mail@medienzentrum-wittlich.de\">mail@medienzentrum-wittlich.de<\/a> unter Angabe der <strong>Veranstaltung, Datum, Name sowie Institution<\/strong> bis sp\u00e4testens zum letzten Freitag vor der gew\u00fcnschten Fortbildung.<\/p>\n\n\n\n<p><br><\/p>\n\n\n\n<hr class=\"wp-block-separator has-alpha-channel-opacity is-style-wide\"\/>\n\n\n\n<h2 class=\"wp-block-heading\" id=\"der-calliope-mini\">Der Calliope mini <\/h2>\n\n\n\n<h3 class=\"wp-block-heading\" id=\"demnachst-wieder\">Termin :  &#8211;.&#8211;.2023 im Medienzentrum Wittlich von 14:00 bis 16:30 Uhr<\/h3>\n\n\n\n<h3 class=\"wp-block-heading\" id=\"demnachst-14-00-16-00-uhr-im-mz-wittlich\">Medienzentrum Bernkastel-Wittlich, Schlossstra\u00dfe 10, 54516 Wittlich<\/h3>\n\n\n\n<p> Einf\u00fchrung\/Grundlagen ins Programmieren mit dem Calliope mini ab der 3. Klasse. <\/p>\n\n\n\n<p>Im Rahmen der Veranstaltung werden folgende Themen behandelt:<\/p>\n\n\n\n<ul class=\"wp-block-list\">\n<li>Kennenlernen der Materialien<\/li>\n\n\n\n<li>Grundlegende Handhabung<\/li>\n\n\n\n<li>Erstellen einfacher Programme<\/li>\n\n\n\n<li>Einsatzm\u00f6glichkeiten im Unterricht oder als AG<\/li>\n<\/ul>\n\n\n<div class=\"wp-block-image\">\n<figure class=\"aligncenter size-large is-resized\"><img loading=\"lazy\" decoding=\"async\" width=\"1216\" height=\"1080\" src=\"https:\/\/www.mz-wittlich.de\/wp-content\/uploads\/2020\/02\/calliope-mini-2755554-1216x1080.png\" alt=\"\" class=\"wp-image-1186\" style=\"width:292px;height:260px\" srcset=\"https:\/\/www.mz-wittlich.de\/wp-content\/uploads\/2020\/02\/calliope-mini-2755554-1216x1080.png 1216w, https:\/\/www.mz-wittlich.de\/wp-content\/uploads\/2020\/02\/calliope-mini-2755554-300x266.png 300w, https:\/\/www.mz-wittlich.de\/wp-content\/uploads\/2020\/02\/calliope-mini-2755554-768x682.png 768w, https:\/\/www.mz-wittlich.de\/wp-content\/uploads\/2020\/02\/calliope-mini-2755554-1536x1364.png 1536w, https:\/\/www.mz-wittlich.de\/wp-content\/uploads\/2020\/02\/calliope-mini-2755554-150x133.png 150w, https:\/\/www.mz-wittlich.de\/wp-content\/uploads\/2020\/02\/calliope-mini-2755554.png 1920w\" sizes=\"auto, (max-width: 1216px) 100vw, 1216px\" \/><\/figure>\n<\/div>\n\n\n<h4 class=\"wp-block-heading\" id=\"anmeldung\"><strong>Anmeldung<\/strong><\/h4>\n\n\n\n<p>Die Anmeldung erfolgt per E-Mail an <a href=\"mailto:mail@medienzentrum-wittlich.de\">mail@medienzentrum-wittlich.de<\/a> unter Angabe der <strong>Veranstaltung, Name sowie Institution<\/strong> bis sp\u00e4testens zum letzten Freitag vor der gew\u00fcnschten Fortbildung. <br><\/p>\n\n\n\n<div style=\"height:65px\" aria-hidden=\"true\" class=\"wp-block-spacer\"><\/div>\n\n\n\n<hr class=\"wp-block-separator has-alpha-channel-opacity is-style-wide\"\/>\n\n\n\n<p style=\"font-size:28px\">  <strong>LEGO\u00ae Education SPIKE&#x2122; Prime<\/strong><\/p>\n\n\n\n<h3 class=\"wp-block-heading\" id=\"demnachst-wieder\">Demn\u00e4chst wieder&#8230;.<\/h3>\n\n\n\n<h3 class=\"wp-block-heading\" id=\"medienzentrum-bernkastel-wittlich-schlossstrasse-10-54516-wittlich\">Medienzentrum Bernkastel-Wittlich, Schlossstra\u00dfe 10, 54516 Wittlich<\/h3>\n\n\n\n<p><strong>SCRATCH-Coding am Beispiel von LEGO\u00ae Education SPIKE&#x2122; Prime<\/strong><\/p>\n\n\n\n<p>MINT Kompetenzen f\u00f6rdern in der weiterf\u00fchrenden Schule: Konstruieren, Programmieren und Probleme l\u00f6sen<\/p>\n\n\n\n<p class=\"has-black-color has-text-color\"><strong>Beschreibung und didaktische Gestaltung:<\/strong><\/p>\n\n\n\n<p>LEGO<strong>\u00ae<\/strong> Education SPIKE<strong>&#x2122; <\/strong>Prime ist ein digitales Lernkonzept f\u00fcr den Einsatz in den MINT-F\u00e4chern und der digitalen Medienbildung in der weiterf\u00fchrenden Schule.<\/p>\n\n\n\n<p>In der Fortbildung lernen die Teilnehmer\/-innen M\u00f6glichkeiten kennen, wie mit Hilfe der LEGO<strong>\u00ae<\/strong> Education Unterrichtsmedien und Lernkonzepten die haptische und die digitale Welt auf einfache Weise kombiniert werden k\u00f6nnen.<\/p>\n\n\n\n<p class=\"has-black-color has-text-color\">Zu Beginn erhalten die Teilnehmer\/-innen einen ausf\u00fchrlichen \u00dcberblick \u00fcber das Lernkonzept und die Lernphilosophie von LEGO<strong>\u00ae<\/strong> Education.<\/p>\n\n\n\n<p>Im Hauptteil der Veranstaltung zeigen wir die verschiedenen Hardwarekomponenten und lassen die Teilnehmer\/-innen ausgew\u00e4hlte Modelle konstruieren, anhand derer Sie spannende Problemstellungen aus den originalen Sch\u00fclermaterialien bearbeiten lassen. Diese kommen aus den f\u00fcnf Lernbereichen: Erfinderteam, Unternehmensgr\u00fcndung, Alltagshelfer, Wettbewerbsvorbereitung und Training Tracker. Die Projekte konzentrieren sich auf die Themen Maschinenbau, Informatik, Technik und Messwerterfassung.<\/p>\n\n\n\n<p>Mit der SPIKE<strong>&#x2122;<\/strong> App f\u00fcr Tablets oder Computer lassen sich die selbst gebauten Modelle programmieren und auf diese Weise zum Leben erwecken. Die App basiert auf der beliebten und in der allgemeinbildenden Schule h\u00e4ufig genutzten Programmiersprache Scratch und begeistert mit einer intuitiv bedienbaren Programmieroberfl\u00e4che mit Drag-and-Drop-Funktion.<\/p>\n\n\n\n<p class=\"has-black-color has-text-color\"><strong>Zu erwerbende F\u00e4higkeiten und Fertigkeiten:<\/strong><\/p>\n\n\n\n<ul class=\"wp-block-list\">\n<li>Einf\u00fchrung in das Bauen und Programmieren von LEGO<strong>\u00ae<\/strong> Modellen<\/li>\n\n\n\n<li>Lebensnahes, anwendungsbezogenes Arbeiten unter Einsatz der SPIKE<strong>&#x2122;<\/strong> Prime App<\/li>\n\n\n\n<li>Programmierung mit SCRATCH<\/li>\n\n\n\n<li>Darstellung der M\u00f6glichkeiten von textbasierter Programmierung am Beispiel von Python<\/li>\n\n\n\n<li>Kooperation, Kommunikation, Probleml\u00f6sung<\/li>\n<\/ul>\n\n\n\n<p><strong>Methodische Gestaltung:<\/strong><\/p>\n\n\n\n<ul class=\"wp-block-list\">\n<li>Thematische Einf\u00fchrung im Plenum<\/li>\n\n\n\n<li>Partner- und Gruppenarbeit mit Bauk\u00e4sten und Tablets bzw. Laptops<\/li>\n\n\n\n<li>Feedback, Frage- und Antwortm\u00f6glichkeiten<\/li>\n<\/ul>\n\n\n\n<p><strong>Zielgruppe:<\/strong> Lehrkr\u00e4fte der weiterf\u00fchrenden Schule<\/p>\n\n\n\n<h4 class=\"wp-block-heading\" id=\"anmeldung\"><strong>Anmeldung<\/strong><\/h4>\n\n\n\n<p>Die Anmeldung erfolgt per E-Mail an <a href=\"mailto:mail@medienzentrum-wittlich.de\">mail@medienzentrum-wittlich.de<\/a> unter Angabe der <strong>Veranstaltung, Name sowie Institution<\/strong> bis sp\u00e4testens zum letzten Freitag vor der gew\u00fcnschten Fortbildung. <br><\/p>\n\n\n\n<hr class=\"wp-block-separator has-css-opacity\"\/>\n","protected":false},"excerpt":{"rendered":"<p>Das Medienzentrum m\u00f6chte Sie durch ein m\u00f6glichst vielf\u00e4ltiges Fortbildungsangebot in Ihrer t\u00e4glichen Arbeit unterst\u00fctzen. Hierzu bieten wir verschiedene Fortbildungen in unseren R\u00e4umlichkeiten an.Sollte der Wunsch bestehen, Fortbildungen aus unserem Angebot an Ihrer Schule vor Ort zu organisieren, so ist dies f\u00fcr Gruppen ab 5 Personen nach Absprache ebenfalls m\u00f6glich.Gerne unterst\u00fctzen\u2026<\/p>\n<p> <a class=\"continue-reading-link\" href=\"https:\/\/www.mz-wittlich.de\/?page_id=1517\"><span>Weiterlesen..<\/span><i class=\"crycon-right-dir\"><\/i><\/a> <\/p>\n","protected":false},"author":3,"featured_media":0,"parent":462,"menu_order":0,"comment_status":"closed","ping_status":"closed","template":"","meta":{"footnotes":""},"class_list":["post-1517","page","type-page","status-publish","hentry"],"_links":{"self":[{"href":"https:\/\/www.mz-wittlich.de\/index.php?rest_route=\/wp\/v2\/pages\/1517","targetHints":{"allow":["GET"]}}],"collection":[{"href":"https:\/\/www.mz-wittlich.de\/index.php?rest_route=\/wp\/v2\/pages"}],"about":[{"href":"https:\/\/www.mz-wittlich.de\/index.php?rest_route=\/wp\/v2\/types\/page"}],"author":[{"embeddable":true,"href":"https:\/\/www.mz-wittlich.de\/index.php?rest_route=\/wp\/v2\/users\/3"}],"replies":[{"embeddable":true,"href":"https:\/\/www.mz-wittlich.de\/index.php?rest_route=%2Fwp%2Fv2%2Fcomments&post=1517"}],"version-history":[{"count":32,"href":"https:\/\/www.mz-wittlich.de\/index.php?rest_route=\/wp\/v2\/pages\/1517\/revisions"}],"predecessor-version":[{"id":2263,"href":"https:\/\/www.mz-wittlich.de\/index.php?rest_route=\/wp\/v2\/pages\/1517\/revisions\/2263"}],"up":[{"embeddable":true,"href":"https:\/\/www.mz-wittlich.de\/index.php?rest_route=\/wp\/v2\/pages\/462"}],"wp:attachment":[{"href":"https:\/\/www.mz-wittlich.de\/index.php?rest_route=%2Fwp%2Fv2%2Fmedia&parent=1517"}],"curies":[{"name":"wp","href":"https:\/\/api.w.org\/{rel}","templated":true}]}}