{"id":25,"date":"2014-10-18T09:05:52","date_gmt":"2014-10-18T09:05:52","guid":{"rendered":"http:\/\/fsr.holgerschwab.de\/?page_id=25"},"modified":"2018-05-24T07:21:29","modified_gmt":"2018-05-24T07:21:29","slug":"impressum","status":"publish","type":"page","link":"https:\/\/www.mz-wittlich.de\/?page_id=25","title":{"rendered":"Impressum"},"content":{"rendered":"<p><strong>Medienzentrum-Wittlich<\/strong><br \/>\nSchlossstra\u00dfe 10<br \/>\n54516 Wittlich<\/p>\n<p>Vertreten durch:<br \/>\nHolger Schwab<\/p>\n<p>Kontakt:<br \/>\nTelefon: 06571 \/ 96634<br \/>\nFax: 06571 \/ 9936<br \/>\nE-Mail: mail@medienzentrum-wittlich.de<\/p>\n<hr \/>\n<h3>Haftungshinweis<\/h3>\n<p>Die bereitgestellten Informationen in diesem Angebot wurden sorgf\u00e4ltig gepr\u00fcft und werden regelm\u00e4\u00dfig aktualisiert. Jedoch kann keine Garantie daf\u00fcr \u00fcbernommen werden, dass alle Angaben zu jeder Zeit vollst\u00e4ndig, richtig und in letzter Aktualit\u00e4t dargestellt sind. Dies gilt insbesondere f\u00fcr alle Verbindungen (&#8220;Links&#8221;) zu anderen Websites, auf die direkt oder indirekt verwiesen wird. Alle Angaben k\u00f6nnen ohne vorherige Ank\u00fcndigung erg\u00e4nzt, entfernt oder ge\u00e4ndert werden.<br \/>\nEntnehmen Sie weitere Informationen bitte dem <a href=\"https:\/\/www.mz-wittlich.de\/?page_id=979\">Haftungsausschluss<\/a>.<\/p>\n<h3>Copyright<\/h3>\n<p>Eine Verwertung der urheberrechtlich gesch\u00fctzten Beitr\u00e4ge durch Vervielf\u00e4ltigung, Verbreitung auch in elektronischer Form sowie Speicherung in Datenbanksystemen bzw. Inter- oder Intranets ist ohne vorherige direkte oder konkludente Zustimmung unzul\u00e4ssig und strafbar, soweit sich aus dem Urhebergesetz nichts anderes ergibt.<\/p>\n<h3>Streitschlichtung<\/h3>\n<p>Die Europ\u00e4ische Kommission stellt eine Plattform zur Online-Streitbeilegung (OS) bereit: <a href=\"https:\/\/ec.europa.eu\/consumers\/odr\" target=\"_blank\" rel=\"noopener\">https:\/\/ec.europa.eu\/consumers\/odr<\/a>.<br \/>\nUnsere E-Mail-Adresse finden Sie oben im Impressum.<\/p>\n<p><strong>Wir sind nicht bereit oder verpflichtet, an Streitbeilegungsverfahren vor einer Verbraucherschlichtungsstelle teilzunehmen.<\/strong><\/p>\n<p>&nbsp;<\/p>\n<hr \/>\n<div align=\"left\"><\/div>\n<h3><\/h3>\n","protected":false},"excerpt":{"rendered":"<p>Medienzentrum-Wittlich Schlossstra\u00dfe 10 54516 Wittlich Vertreten durch: Holger Schwab Kontakt: Telefon: 06571 \/ 96634 Fax: 06571 \/ 9936 E-Mail: mail@medienzentrum-wittlich.de Haftungshinweis Die bereitgestellten Informationen in diesem Angebot wurden sorgf\u00e4ltig gepr\u00fcft und werden regelm\u00e4\u00dfig aktualisiert. Jedoch kann keine Garantie daf\u00fcr \u00fcbernommen werden, dass alle Angaben zu jeder Zeit vollst\u00e4ndig, richtig und\u2026<\/p>\n<p> <a class=\"continue-reading-link\" href=\"https:\/\/www.mz-wittlich.de\/?page_id=25\"><span>Weiterlesen..<\/span><i class=\"crycon-right-dir\"><\/i><\/a> <\/p>\n","protected":false},"author":1,"featured_media":0,"parent":0,"menu_order":0,"comment_status":"closed","ping_status":"closed","template":"","meta":{"footnotes":""},"class_list":["post-25","page","type-page","status-publish","hentry"],"_links":{"self":[{"href":"https:\/\/www.mz-wittlich.de\/index.php?rest_route=\/wp\/v2\/pages\/25","targetHints":{"allow":["GET"]}}],"collection":[{"href":"https:\/\/www.mz-wittlich.de\/index.php?rest_route=\/wp\/v2\/pages"}],"about":[{"href":"https:\/\/www.mz-wittlich.de\/index.php?rest_route=\/wp\/v2\/types\/page"}],"author":[{"embeddable":true,"href":"https:\/\/www.mz-wittlich.de\/index.php?rest_route=\/wp\/v2\/users\/1"}],"replies":[{"embeddable":true,"href":"https:\/\/www.mz-wittlich.de\/index.php?rest_route=%2Fwp%2Fv2%2Fcomments&post=25"}],"version-history":[{"count":11,"href":"https:\/\/www.mz-wittlich.de\/index.php?rest_route=\/wp\/v2\/pages\/25\/revisions"}],"predecessor-version":[{"id":985,"href":"https:\/\/www.mz-wittlich.de\/index.php?rest_route=\/wp\/v2\/pages\/25\/revisions\/985"}],"wp:attachment":[{"href":"https:\/\/www.mz-wittlich.de\/index.php?rest_route=%2Fwp%2Fv2%2Fmedia&parent=25"}],"curies":[{"name":"wp","href":"https:\/\/api.w.org\/{rel}","templated":true}]}}