{"id":913,"date":"2018-02-15T10:56:58","date_gmt":"2018-02-15T10:56:58","guid":{"rendered":"http:\/\/www.mz-wittlich.de\/?page_id=913"},"modified":"2018-02-15T11:43:16","modified_gmt":"2018-02-15T11:43:16","slug":"omega","status":"publish","type":"page","link":"https:\/\/www.mz-wittlich.de\/?page_id=913","title":{"rendered":"OMEGA"},"content":{"rendered":"<hr \/>\n<p><a href=\"https:\/\/omega.bildung-rp.de\/\" target=\"_blank\" rel=\"https:\/\/omega.bildung-rp.de\/ noopener\"><img loading=\"lazy\" decoding=\"async\" class=\"alignnone wp-image-914 size-full\" src=\"https:\/\/https:\/\/www.mz-wittlich.de\/wp-content\/uploads\/2018\/02\/omega2.png\" alt=\"\" width=\"286\" height=\"82\" srcset=\"https:\/\/www.mz-wittlich.de\/wp-content\/uploads\/2018\/02\/omega2.png 286w, https:\/\/www.mz-wittlich.de\/wp-content\/uploads\/2018\/02\/omega2-150x43.png 150w\" sizes=\"auto, (max-width: 286px) 100vw, 286px\" \/><\/a><\/p>\n<p><strong>Hier finden Sie Medien und Materialien f\u00fcr den schulischen Bereich<\/strong><\/p>\n<ul>\n<li>Filme, Animationen, Arbeitsbl\u00e4tter und mehr f\u00fcr den Einsatz im Unterricht<\/li>\n<li>Texte, Bilder und Filmmodule f\u00fcr eigene Arbeitsbl\u00e4tter und Pr\u00e4sentationen<\/li>\n<li>Autorensystem MasterTool und Themenpakete<\/li>\n<li>Unterrichtsbeispiele und Lernobjekte zum MedienkomP@ss mit Filterm\u00f6glichkeit nach F\u00e4chern\/F\u00e4chergruppen<\/li>\n<\/ul>\n<p>OMEGA und seine Inhalte stehen allen Schulen in Rheinland-Pfalz kostenlos zur Verf\u00fcgung. \u00dcber ihre Lehrkr\u00e4fte erhalten auch Sch\u00fclerinnen und Sch\u00fcler Zugang zu ausgew\u00e4hlten Inhalten. Das Einloggen ist auch mit Moodle@RLP-Schulzugangsdaten m\u00f6glich.<\/p>\n<p>Das Angebot umfasst Onlinematerialien des P\u00e4dagogischen Landesinstitutes, Videos und Materialien kommerzieller Anbieter, freie Medien, Schulfernsehsendungen sowie Links zu ausgew\u00e4hlten Internetquellen. Auch die Medienangebote der kommunalen Medienzentren sowie die Verleihmedien sind in OMEGA recherchierbar.<\/p>\n<p>Alle Angebote sind durch das P\u00e4dagogische Landesinstitut, die Medienzentren und weitere verl\u00e4ssliche Partner auf ihre Unterrichtseignung getestet. Mit OMEGA bewegen Sie sich im rechtssicheren Raum. Die Nutzung der Inhalte im schulischen Umfeld durch Lehrkr\u00e4fte sowie durch Sch\u00fclerinnen und Sch\u00fcler ist mit den Urhebern gekl\u00e4rt. Der Nutzungsumfang kann bei jedem Titel den Lizenzbedingungen entnommen werden.<\/p>\n<p>Damit Sie sich auf der Plattform OMEGA einloggen k\u00f6nnen, ben\u00f6tigen Sie Zugangsdaten. Diese erhalten Sie von Ihrer Schulleitung oder dem jeweiligen System-Administrator.<\/p>\n<p>Sollten die Zugangsdaten Ihrer Schule nicht bekannt sein, wenden Sie sich an uns ( mail@medienzentrum-wittlich.de ), wir werden Ihnen weiterhelfen.<\/p>\n<p>Hier finden Sie einen Link zu einem Video \u00fcber die Handhabung von OMEGA:<br \/>\nKurzeinf\u00fchrung in OMEGA<\/p>\n<a href=\"http:\/\/media.sodis.de\/users\/rlp\/open\/OMEGA_Einfuehrung_mit_Medienkompass1.mp4\" class=\"su-button su-button-style-default\" style=\"color:#ffffff;background-color:#215652;border-color:#1b4542;border-radius:5px\" target=\"_blank\" rel=\"noopener noreferrer\"><span style=\"color:#ffffff;padding:6px 16px;font-size:13px;line-height:20px;border-color:#648986;border-radius:5px;text-shadow:none\"><i class=\"sui sui-arrow-right\" style=\"font-size:13px;color:#FFFFFF\"><\/i>  Kurzeinf\u00fchrung in OMEGA<\/span><\/a>\n<p>&nbsp;<\/p>\n<a href=\"https:\/\/omega.bildung-rp.de\" class=\"su-button su-button-style-default\" style=\"color:#ffffff;background-color:#215652;border-color:#1b4542;border-radius:5px\" target=\"_blank\" rel=\"noopener noreferrer\"><span style=\"color:#ffffff;padding:6px 16px;font-size:13px;line-height:20px;border-color:#648986;border-radius:5px;text-shadow:none\"><i class=\"sui sui-arrow-right\" style=\"font-size:13px;color:#FFFFFF\"><\/i>  Link zu OMEGA<\/span><\/a>\n<hr \/>\n<h3>Weitere Links zu OMEGA<\/h3>\n<p>&nbsp;<\/p>\n<p style=\"text-align: left;\"><a href=\"http:\/\/rheinhunsrueck-medienzentrum.de\/assets\/download\/OMEGA_Flyer_2012.pdf\" class=\"su-button su-button-style-default\" style=\"color:#ffffff;background-color:#215652;border-color:#1b4542;border-radius:5px\" target=\"_self\"><span style=\"color:#ffffff;padding:6px 16px;font-size:13px;line-height:20px;border-color:#648986;border-radius:5px;text-shadow:none\"><i class=\"sui sui-arrow-right\" style=\"font-size:13px;color:#FFFFFF\"><\/i>  OMEGA Flyer als PDF-Datei<\/span><\/a>\n<p style=\"text-align: left;\"><a href=\"https:\/\/media.sodis.de\/open\/uploads\/rp\/OMEGA___Einfuehrung___Basis_Praesentation_pptx_Download.pdf\" class=\"su-button su-button-style-default\" style=\"color:#ffffff;background-color:#215652;border-color:#1b4542;border-radius:5px\" target=\"_self\"><span style=\"color:#ffffff;padding:6px 16px;font-size:13px;line-height:20px;border-color:#648986;border-radius:5px;text-shadow:none\"><i class=\"sui sui-arrow-right\" style=\"font-size:13px;color:#FFFFFF\"><\/i>  OMEGA Einf\u00fchrung Schulen als PDF-Datei<\/span><\/a>\n<p style=\"text-align: left;\"><a href=\"http:\/\/sodis.de\/rp\/\/repository\/rp\/OMEGA_Nutzung_Lehrer.pdf\" class=\"su-button su-button-style-default\" style=\"color:#ffffff;background-color:#215652;border-color:#1b4542;border-radius:5px\" target=\"_blank\" rel=\"noopener noreferrer\"><span style=\"color:#ffffff;padding:6px 16px;font-size:13px;line-height:20px;border-color:#648986;border-radius:5px;text-shadow:none\"><i class=\"sui sui-arrow-right\" style=\"font-size:13px;color:#FFFFFF\"><\/i>  OMEGA Nutzungordnung f\u00fcr Lehrer als PDF-Datei<\/span><\/a>\n<p style=\"text-align: left;\"><a href=\"http:\/\/sodis.de\/rp\/\/repository\/rp\/OMEGA_Nutzung_Schueler.pdf\" class=\"su-button su-button-style-default\" style=\"color:#ffffff;background-color:#215652;border-color:#1b4542;border-radius:5px\" target=\"_blank\" rel=\"noopener noreferrer\"><span style=\"color:#ffffff;padding:6px 16px;font-size:13px;line-height:20px;border-color:#648986;border-radius:5px;text-shadow:none\"><i class=\"sui sui-arrow-right\" style=\"font-size:13px;color:#FFFFFF\"><\/i>  OMEGA Nutzungordnung f\u00fcr Sch\u00fcler als PDF-Datei<\/span><\/a>\n<p style=\"text-align: left;\"><a href=\"http:\/\/rheinhunsrueck-medienzentrum.de\/assets\/download\/Passwort_Zettel_erstellen.xls\" class=\"su-button su-button-style-default\" style=\"color:#ffffff;background-color:#215652;border-color:#1b4542;border-radius:5px\" target=\"_blank\" rel=\"noopener noreferrer\"><span style=\"color:#ffffff;padding:6px 16px;font-size:13px;line-height:20px;border-color:#648986;border-radius:5px;text-shadow:none\"><i class=\"sui sui-arrow-right\" style=\"font-size:13px;color:#FFFFFF\"><\/i>  Tabelle zum Erstellen von Passwort-Zetteln (Excel XLS-Datei)<\/span><\/a>\n","protected":false},"excerpt":{"rendered":"<p>Hier finden Sie Medien und Materialien f\u00fcr den schulischen Bereich Filme, Animationen, Arbeitsbl\u00e4tter und mehr f\u00fcr den Einsatz im Unterricht Texte, Bilder und Filmmodule f\u00fcr eigene Arbeitsbl\u00e4tter und Pr\u00e4sentationen Autorensystem MasterTool und Themenpakete Unterrichtsbeispiele und Lernobjekte zum MedienkomP@ss mit Filterm\u00f6glichkeit nach F\u00e4chern\/F\u00e4chergruppen OMEGA und seine Inhalte stehen allen Schulen in\u2026<\/p>\n<p> <a class=\"continue-reading-link\" href=\"https:\/\/www.mz-wittlich.de\/?page_id=913\"><span>Weiterlesen..<\/span><i class=\"crycon-right-dir\"><\/i><\/a> <\/p>\n","protected":false},"author":1,"featured_media":0,"parent":0,"menu_order":0,"comment_status":"closed","ping_status":"closed","template":"","meta":{"footnotes":""},"class_list":["post-913","page","type-page","status-publish","hentry"],"_links":{"self":[{"href":"https:\/\/www.mz-wittlich.de\/index.php?rest_route=\/wp\/v2\/pages\/913","targetHints":{"allow":["GET"]}}],"collection":[{"href":"https:\/\/www.mz-wittlich.de\/index.php?rest_route=\/wp\/v2\/pages"}],"about":[{"href":"https:\/\/www.mz-wittlich.de\/index.php?rest_route=\/wp\/v2\/types\/page"}],"author":[{"embeddable":true,"href":"https:\/\/www.mz-wittlich.de\/index.php?rest_route=\/wp\/v2\/users\/1"}],"replies":[{"embeddable":true,"href":"https:\/\/www.mz-wittlich.de\/index.php?rest_route=%2Fwp%2Fv2%2Fcomments&post=913"}],"version-history":[{"count":25,"href":"https:\/\/www.mz-wittlich.de\/index.php?rest_route=\/wp\/v2\/pages\/913\/revisions"}],"predecessor-version":[{"id":940,"href":"https:\/\/www.mz-wittlich.de\/index.php?rest_route=\/wp\/v2\/pages\/913\/revisions\/940"}],"wp:attachment":[{"href":"https:\/\/www.mz-wittlich.de\/index.php?rest_route=%2Fwp%2Fv2%2Fmedia&parent=913"}],"curies":[{"name":"wp","href":"https:\/\/api.w.org\/{rel}","templated":true}]}}